213*q - 46476. Give f(21).
-3
Let y(s) = s**3 - 4*s**2 - 22*s + 26. Give y(11).
631
Let b(d) = 84*d + 58. What is b(-1)?
-26
Let h(c) = -c**3 + 12*c**2 - 27*c. Give h(4).
20
Let u(s) = -3*s**2 - 8*s + 68. What is u(-7)?
-23
Let c(r) = 36*r + 229. Determine c(4).
373
Let l(c) = 3*c**2 - 38*c - 55. Give l(16).
105
Let l(g) = -14*g + 107. Calculate l(13).
-75
Let a(u) = 2*u**3 - 137*u**2 - 208*u - 81. Determine a(70).
59
Let y(m) = m**3 + 29*m**2 - m - 41. Determine y(-29).
-12
Let v(m) = 3*m**2 - 92*m - 711. Determine v(37).
-8
Let l(p) = p**2 + 41*p + 278. Calculate l(-34).
40
Let j(h) = 77*h - 101. Calculate j(2).
53
Let q(t) = t**2 + 15*t - 74. Determine q(0).
-74
Let a(b) = b**3 + 7*b**2 + 138*b + 831. Determine a(-6).
39
Let p(b) = b**2 + 38*b + 54. Give p(-36).
-18
Let i(p) = 22*p - 1949. Calculate i(88).
-13
Let d(z) = -73*z + 2254. Determine d(31).
-9
Let k(m) = 195*m - 1578. What is k(8)?
-18
Let c(g) = 4*g**3 - 12*g**2 + 3*g + 6. Give c(5).
221
Let n(a) = 5*a**2 + 89*a + 164. Determine n(-16).
20
Let u(q) = 2*q**2 + 229*q - 1940. Calculate u(8).
20
Let d(s) = -3*s**3 + 18*s**2 - 14*s - 11. Give d(4).
29
Let o(h) = -88*h - 288. What is o(-3)?
-24
Let f(l) = -l**3 - 42*l**2 - 43*l - 57. Give f(-41).
25
Let r(m) = -m**2 + 55*m - 527. Determine r(12).
-11
Let p(i) = 8*i**3 + 694*i**2 - 174*i + 6. Give p(-87).
6
Let o(t) = t**2 - 16*t - 10. Calculate o(-4).
70
Let m(w) = 2*w + 30. Determine m(-43).
-56
Let m(q) = -4*q - 3. Calculate m(1).
-7
Let x(f) = 1119*f - 10067. Determine x(9).
4
Let z(j) = -132*j - 27. What is z(1)?
-159
Let j(c) = -c**3 - 12*c**2 + 48*c + 313. Calculate j(-14).
33
Let s(m) = -m**3 + 23*m**2 - 3*m + 53. Give s(23).
-16
Let g(y) = -4*y**2 - 884*y + 1790. Give g(-223).
6
Let s(m) = -m**2 - 294*m + 1190. Give s(4).
-2
Let j(n) = n**2 - 12*n + 10. Give j(1).
-1
Let a(g) = g**2 - 66*g + 87. What is a(65)?
22
Let f(s) = s**3 + 102*s**2 + 750*s - 17. Give f(-8).
-1
Let a(u) = -76*u - 5784. Give a(-76).
-8
Let y(d) = d**3 - 8*d**2 + 7*d + 10. Calculate y(2).
0
Let o(d) = -d**3 + 3*d**2 + 24*d + 4. Calculate o(-6).
184
Let d(s) = -s**2 + 200*s - 5873. Calculate d(164).
31
Let j(d) = -d**2 - 304*d - 6891. Determine j(-24).
-171
Let c(i) = -i**2 - 77*i - 212. Give c(-3).
10
Let g(w) = -w**2 + w + 602. Give g(-24).
2
Let m(b) = -b**2 + 4*b + 126. Give m(-8).
30
Let s(u) = -u**2 - 2*u + 253. Give s(-32).
-707
Let h(x) = -x**3 + 8*x**2 + 9*x - 95. Determine h(6).
31
Let d(f) = -4*f**3 + 301*f**2 - 66*f - 672. Determine d(75).
3
Let v(k) = -k**2 + 76*k - 1043. Determine v(58).
1
Let d(f) = 6*f**3 + 111*f**2 - 1064*f - 50. What is d(7)?
-1
Let g(b) = -10546*b + 284751. What is g(27)?
9
Let x(n) = -97*n**3 - 30*n**2 - 27*n + 2. Give x(-1).
96
Let l(g) = -5*g**2 - 236*g - 95. Calculate l(-46).
181
Let g(a) = -a**3 - 69*a**2 - 6*a - 360. Give g(-69).
54
Let l(h) = -128*h - 265. Give l(-2).
-9
Let j(h) = -h**3 - 72*h**2 + 145*h - 371. What is j(-74)?
-149
Let l(m) = -6*m**2 + 21*m + 27. Calculate l(5).
-18
Let a(c) = 129*c - 1020. Determine a(8).
12
Let d(k) = 189*k + 2729. Determine d(-15).
-106
Let c(u) = u**2 + 63*u - 1199. Calculate c(15).
-29
Let g(c) = c**3 + 3*c**2 + 283*c + 1167. Give g(-4).
19
Let q(c) = 7*c**3 + 6*c**2 + 19*c + 9. Calculate q(-2).
-61
Let c(i) = -i**2 - 23*i - 82. Determine c(-5).
8
Let j(i) = 444*i - 29317. Calculate j(66).
-13
Let x(r) = -17*r + 144. Give x(9).
-9
Let w(d) = -65*d + 387. Give w(12).
-393
Let x(g) = -60*g + 1117. Give x(17).
97
Let o(q) = -7*q**2 - 364*q + 635. Give o(-54).
-121
Let f(p) = 2*p**3 - 6*p**2 - 17*p - 27. Give f(-5).
-342
Let d(z) = -469*z + 18. Determine d(1).
-451
Let h(v) = -21971*v - 1. Give h(0).
-1
Let n(b) = -13*b + 43. What is n(9)?
-74
Let w(o) = 100*o**3 + 1696*o**2 - 76*o - 135. Give w(-17).
1
Let x(d) = 34*d**2 - 63*d + 257. Determine x(4).
549
Let i(k) = -16*k - 200. Determine i(-33).
328
Let c(y) = -960*y - 5771. Give c(-6).
-11
Let t(f) = -4739*f + 611328. Calculate t(129).
-3
Let s(z) = -17*z - 478. Determine s(-22).
-104
Let m(j) = -30*j**2 + 3*j + 6. What is m(-2)?
-120
Let n(x) = 111*x - 550. What is n(5)?
5
Let n(o) = -9996*o + 89960. What is n(9)?
-4
Let v(r) = 8595*r - 68750. Give v(8).
10
Let o(r) = -r**2 + 3*r + 343. What is o(0)?
343
Let d(k) = 2890*k - 28910. Give d(10).
-10
Let y(z) = -z**3 - 3*z**2 + 41*z - 70. Determine y(2).
-8
Let m(z) = -65*z - 413. What is m(-6)?
-23
Let u(h) = 179*h - 22924. Determine u(128).
-12
Let p(b) = b**2 + 32*b - 9730. Give p(-116).
14
Let v(w) = -39*w + 1321. Determine v(34).
-5
Let o(c) = -c**3 + c**2 - 2*c - 186. Calculate o(0).
-186
Let m(b) = 67*b + 5087. What is m(-76)?
-5
Let u(p) = -132*p - 649. Calculate u(-5).
11
Let j(q) = -113*q + 1122. Determine j(10).
-8
Let s(o) = -2*o**3 + 152*o**2 - 146*o - 271. Calculate s(75).
29
Let v(m) = m**3 - 60*m**2 - 610*m - 769. Give v(69).
-10
Let g(a) = 2*a**2 - 100*a + 900. What is g(12)?
-12
Let q(o) = 2*o**3 + 181*o**2 - 93*o - 162. Calculate q(-91).
20
Let t(w) = -568*w - 2845. Give t(-5).
-5
Let d(p) = -7*p + 131. Calculate d(16).
19
Let s(r) = r**3 + r**2 + 19*r - 20. Give s(0).
-20
Let c(q) = -19*q - 266. Give c(-14).
0
Let p(s) = 144*s - 324. Determine p(2).
-36
Let b(z) = -z**2 + 15*z + 143. Calculate b(0).
143
Let k(p) = 395*p + 1184. Determine k(-3).
-1
Let a(w) = -4*w - 528. What is a(-33)?
-396
Let a(l) = 216*l - 16408. Give a(76).
8
Let d(g) = 3*g**3 - 14*g**2 - 7*g + 66. Give d(7).
360
Let m(l) = -9*l**2 + 116*l + 1494. Calculate m(-8).
-10
Let y(k) = -k**3 - 46*k**2 + 101*k + 234. What is y(-48)?
-6
Let y(v) = -17*v**3 - 111*v**2 - 2*v - 23. Give y(-7).
383
Let q(p) = 2*p + 17. What is q(0)?
17
Let v(y) = -y - 48. Calculate v(-49).
1
Let m(v) = -v**2 - 109*v - 2643. What is m(-74)?
-53
Let w(c) = 143*c + 8415. What is w(-59)?
-22
Let q(m) = -m**3 - 3*m**2 + 28*m - 13. Calculate q(-9).
221
Let j(r) = r**2 + 15*r + 15. What is j(-9)?
-39
Let k(w) = -w**3 + 10*w**2 + 53*w - 521. Give k(9).
37
Let k(b) = -7*b**3 + 2*b**2 + b - 2. Calculate k(1).
-6
Let c(q) = -2*q**2 + 43*q + 6. Determine c(0).
6
Let u(p) = p**3 - 31*p**2 - 25*p - 224. Determine u(32).
0
Let z(m) = -412*m - 3040. Determine z(-8).
256
Let j(d) = 2*d**2 + 24*d + 22. Determine j(-8).
-42
Let u(s) = 569*s - 2277. What is u(4)?
-1
Let x(q) = 360*q**2 - 2159*q + 8. Calculate x(6).
14
Let l(x) = x**3 - 18*x**2 - 39*x + 289. What is l(19)?
-91
Let g(z) = 5*z**2 + 84*z + 409. Determine g(-9).
58
Let i(r) = -14690*r - 2. Give i(0).
-2
Let r(l) = 1213*l + 1421. Determine r(-1).
208
Let a(n) = -n**3 - 27*n**2 - 82*n + 38. Determine a(-25).
838
Let n(x) = -x**3 - 11*x**2 + 13*x + 53. Give n(3).
-34
Let s(m) = m**3 + 31*m**2 - 184*m - 110. Calculate s(-36).
34
Let k(y) = -17*y + 41. Calculate k(1).
24
Let v(j) = 3*j**3 - 25*j**2 - 602*j - 108. Determine v(19).
6
Let q(y) = -y**3 + 5*y**2 - 5*y - 12. Give q(0).
-12
Let x(k) = k**3 - 110*k**2 - 247*k + 2615. Determine x(112).
39
Let p(t) = t**2 - 11*t - 12. Determine p(9).
-30
Let r(a) = a**3 + 5*a**2 - 33*a + 11. Calculate r(-9).
-16
Let x(u) = 10573*u - 169162. What is x(16)?
6
Let f(j) = -149*j - 816. Calculate f(-6).
78
Let d(z) = -z**3 + 5*z**2 + 228*z - 1326. Calculate d(6).
6
Let m(j) = j**2 - 51*j + 123. What is m(48)?
-21
Let g(y) = 7*y**3 - 160*y**2 - 20*y - 47. Calculate g(23).
22
Let a(h) = -104*h + 2108. Determine a(20).
28
Let u(o) = 321*o - 1686. What is u(5)?
-81
Let m(d) = -15*d**2 - 3*d + 82. Determine m(0).
82
Let t(a) = 33*a - 6. Give t(7).
225
Let j(a) = -a**2 + 3226*a - 16111. Give j(5).
-6
Let a(i) = -228*i + 19390. Determine a(85).
10
Let a(n) = -3*n**2 + 163*n + 9. Calculate a(57).
-447
Let v(g) = -6*g**2 - 31*g + 357. Calculate v(-11).
-28
Let u(r) = -2*r**3 + 67*r**2 + 38*r - 97. Calculate u(34).
39
Let x(o) = o**3 - 15*o**2 + 14*o + 64. Determine x(14).
64
Let v(o) = -o**3 - 10*o**2 - 16*o - 68. What is v(-8)?
-68
Let z(d) = d**3 - 33*d**2 + 196*d - 4159. Give z(31).
-5
Let v(m) = m**3 + 15*m**2 + 11*m - 79. What is v(0)?
-79
Let w(x) = -9*x + 85. What is w(21)?
-104
Let o(v) = -8*v**2 + 376*v + 781. What is o(-2)?
-3
Let i(b) = -81*b + 1708. Calculate i(21).
7
Let j(y) = y**2 + 35*y - 211. Give j(6).
35
Let v(x) = -x**3 - 138*x**2 - 1859*x - 1706. Calculate v(-123).
16
Let t(x) = -x**2 - 15*x + 20. Determine t(9).
-196
Let f(s) = 